t m(g) = -3 - 5 + 2*g + 8 + 9. Determine m(k).
-3
Let o(k) = k**3 - 3*k**2 - 3*k + 3. Suppose r + 10 = 4*r - 2*b, 0 = -3*r - 4*b - 2. What is o(r)?
-7
Let g(l) = l**2 + 2*l - 5. Let y be ((-20)/4)/(0 - -1). Determine g(y).
10
Let i(y) = 5*y + 3. Let l = 226 + -228. Give i(l).
-7
Let b(g) = -g**3 - 3*g**2 + 6*g - 1. Suppose 0 = k + o + 10, 0*k = 2*k + 5*o + 35. What is b(k)?
19
Let s(n) = n + 3. Let g(a) = -a**2 - 10*a + 11. Let r be g(-11). Determine s(r).
3
Let a = 7 + -10. Let f(c) = c**3 + 4*c**2 + 2*c - 1. Determine f(a).
2
Let c(q) be the third derivative of -q**6/120 + q**5/20 - q**4/6 + q**3/6 + q**2. Let x(j) = j**3 + 5*j**2 + 3*j + 1. Let w be x(-3). Let m = w - 7. Give c(m).
-11
Let i = -6 + 5. Let d(f) be the first derivative of f**4 - f**3/3 - f**2/2 - f - 1. Determine d(i).
-5
Let k(l) = -l + 1. Let h be 1*(-3 - 8/(-4))*-3. Calculate k(h).
-2
Let n be (-1)/((3/(-2))/3). Let h(i) = n + 4*i**2 - i**3 - 2 - 3*i + 1 + i. What is h(3)?
4
Let a(l) = 4*l**3 + 19*l**2 + 37*l + 32. Let p(v) = -v**3 - 5*v**2 - 9*v - 8. Let n(u) = -2*a(u) - 9*p(u). Give n(-6).
2
Let v(q) be the second derivative of -1/2*q**2 - 1/2*q**3 - 6*q + 0. What is v(2)?
-7
Let m(b) = -b**2 - 6*b - 3. Let y be m(-5). Suppose u = -u - y. Let n(o) = 0 - 3*o + 0. Determine n(u).
3
Let u(l) be the third derivative of l**7/1680 + l**6/240 + 11*l**5/60 + l**2. Let m(z) be the third derivative of u(z). Calculate m(-3).
-6
Let t(y) be the second derivative of 0 + 2*y - 3*y**2 - 1/6*y**3. Determine t(-3).
-3
Let s(n) = -n - 4. Let j(v) = v + 6. Let p(o) = 4*o + 29. Let l(h) = 11*j(h) - 2*p(h). Let c(y) = -2*l(y) - 5*s(y). Determine c(-3).
7
Suppose -15 = -6*t + t. Suppose -o + t*o = 40. Let q be (-88)/o + (-2)/(-5). Let u(r) = -r**2 - 4*r - 5. Determine u(q).
-5
Suppose -2*b = -0*b. Suppose -3*p = -c + 16, -5*c + 32 = -3*p - b*p. Let o(h) = -5*h**2 - 3 + c*h + 6*h**2 - 2*h**2. Calculate o(4).
-3
Let a(w) = w**3 + 5*w**2 - w + 1. Let x be ((-3)/(-6))/(2/4). Suppose -4 = n + x. Determine a(n).
6
Let z be 6/(-8) - 175/(-20). Let i be ((-12)/z)/((-6)/16). Let g be i/16 + 50/(-8). Let h(c) = -2*c - 8. Calculate h(g).
4
Suppose -3 = -3*b + 24. Let j(v) = -v**3 + 9*v**2 - v + 11. Let q be j(9). Suppose 1 = q*k + b. Let n(y) = -y - 6. Determine n(k).
-2
Let a(c) = -46 + 41 - 5*c**3 + 2*c**3 - 4*c**2 + 4*c**3. Give a(4).
-5
Let l(b) = 3*b**3 + 5*b**2 - 3*b + 3. Let w(m) = 7*m**3 + 11*m**2 - 7*m + 6. Let t(u) = 5*l(u) - 2*w(u). Determine t(-4).
-9
Let m(u) be the second derivative of u**6/720 - u**5/40 + u**4/4 - u. Let w(n) be the third derivative of m(n). What is w(3)?
0
Let w(n) = -14*n**3 - n**2 - 2. Let b(a) = 22*a**3 + 2*a**2 + 3. Let u(z) = -5*b(z) - 8*w(z). Determine u(1).
1
Let w(d) = d**2 - 4*d - 6. Let m(t) = -2*t**2 + 8*t + 12. Let g(a) = 3*m(a) + 7*w(a). What is g(6)?
6
Suppose -59 = -7*i - 17. Suppose 2*g + 15 = -g. Let x(j) = 6*j**3 - 11*j**2 - 6*j + 2. Let h(t) = t**3 - t**2 - t. Let m(z) = g*h(z) + x(z). Calculate m(i).
-4
Let q(o) = -11*o + 17. Let r(a) = -6*a + 10. Let v(b) = -4*q(b) + 7*r(b). Let c = 4 + -7. What is v(c)?
-4
Let w(o) be the second derivative of -o**3/6 + o**2 + o. Let t = -35 - -37. Determine w(t).
0
Let n(r) = 5*r + 7 + 5*r**2 + 32*r**3 - 61*r**3 + 28*r**3. Suppose -154 + 34 = -4*o. Suppose -2*g - 3*g + o = 0. Determine n(g).
1
Let h(c) = -c**3 + 5*c**2 - 5*c + 5. Let o(t) = -t**2 - 5*t + 6. Let s be o(-6). Suppose 3*n - 8 - 4 = s. Calculate h(n).
1
Suppose 4*b - 3 = 9. Let j(d) = -d**2 - d + 2. Determine j(b).
-10
Let i(g) = -g**2 - 4*g - 1. Let d(k) = -2*k**2 - 3*k. Let r(u) = -2*d(u) + 3*i(u). Determine r(6).
-3
Let j(w) = 7*w - 6. Let i(k) = -15*k + 13. Let t(d) = -4*i(d) - 9*j(d). Determine t(-4).
14
Suppose -8 = 3*l - l. Let u(y) be the first derivative of 4*y - 2*y**2 - 1/3*y**3 - 3. Determine u(l).
4
Let i = -8 + 13. Let x(g) = -6*g + 9*g - i*g - 4. Calculate x(-5).
6
Let l(f) be the second derivative of f**4/12 + f**3/3 + f**2/2 + f. Suppose -5*i - 31 = 2*v, -4*v + i - 6 = 1. Determine l(v).
4
Let r(g) = -g**2 - 7*g - 7. Suppose -19 - 5 = 4*i. Calculate r(i).
-1
Let p(z) = -3*z + 6. Let g(a) = -4*a + 7. Let t(i) = -2*g(i) + 3*p(i). Calculate t(-4).
8
Let z(l) = l + 1. Let t(c) = -3*c - 13. Let a(g) = t(g) + 4*z(g). Determine a(5).
-4
Suppose -2*h + 25 = 3*h. Suppose -h*v + v = -48. Suppose -4*j + v = -0*j. Let n(o) = o**2 - o - 1. Calculate n(j).
5
Let l(c) = c - 9*c + c + 4 + 1 + c**2. Calculate l(6).
-1
Let b(h) = 3*h**2 + 6*h - 4. Let g be -10 + 1 + 0/2. Let j = 8 + -6. Let p(f) = 13*f**2 + 25*f - 16. Let k(d) = g*b(d) + j*p(d). Give k(-5).
-1
Let x(w) = -1. Let i(r) = -r**2 + 5*r - 11. Let n(b) = -i(b) + 6*x(b). Let p = -2 - -6. Determine n(p).
1
Let m(q) = q - 4 + 1 + 2. Suppose -4*l + 6 = 2. Let p be m(l). Let k(v) = -v**2 + 4. Calculate k(p).
4
Suppose -12 = -4*d + 12. Let c(k) = 7*k**2 - 6*k + 5. Let n(r) = -13*r**2 + 11*r - 9. Let b(s) = d*n(s) + 11*c(s). What is b(-3)?
-8
Let j(d) be the second derivative of -d**4/6 - 5*d**3/6 - d**2/2 + 2*d. Give j(-4).
-13
Let w(m) = -m**3 + m + 6. Let o be w(0). Let g(d) = d + d - 5*d + 0*d - d**2 + o. Give g(-5).
-4
Let b = 16 - 13. Let z(y) = -2*y - 4. What is z(b)?
-10
Let g(t) = -3*t + 9. Let z(f) be the first derivative of -f**2/2 + f - 4. Let q(r) = -g(r) + 4*z(r). Determine q(-5).
0
Let k(h) be the first derivative of -h**5/120 - h**4/24 - 4*h**3/3 - 2. Let r(m) be the third derivative of k(m). Determine r(0).
-1
Suppose 0 = 4*y + p - 30, -5*y - p + 2 = -36. Let w = y + -13. Let s(f) = f - 2. Determine s(w).
-7
Let w(s) be the first derivative of -s**6/120 - s**5/120 + s**4/12 - s**3/3 + 2. Let a(n) be the third derivative of w(n). Calculate a(-2).
-8
Let s be 2 + (2 - 2) - 12. Let w be (8/s)/(2/(-10)). Let v(z) = -4*z**2 + z + 5. Let k(a) = 5*a**2 - 2*a - 6. Let u(m) = 5*k(m) + 6*v(m). What is u(w)?
0
Let m(n) be the first derivative of n**2/2 + 7*n - 4. Let u = -11 + 8. Let a be (4/(-10))/(u/(-30)). Determine m(a).
3
Let m(o) = -7*o**2 - 12*o - 5. Let g(s) = 3*s**2 + 6*s + 2. Let h(q) = -9*g(q) - 4*m(q). Determine h(3).
-7
Let m(v) be the second derivative of -v**6/360 + v**5/120 + v**4/24 - v**3/6 + 2*v. Let n(x) be the second derivative of m(x). What is n(-1)?
-1
Let m = 4 - 3. Let y(p) = -p + 0*p**2 - m - 8*p**3 + p**3 + 0*p**2 - p**2. Give y(-1).
6
Suppose 38 = -23*u + 84. Suppose 0 = -3*k + 9 - 3. Let x(n) = -2*n**2 + k + n**3 + 0 - n**2. Determine x(u).
-2
Let b(h) be the first derivative of -h**4/4 + 5*h**3/3 - 3*h**2/2 + h - 11. Let q be 2 - -1*(-1 - -3). Calculate b(q).
5
Let f(o) = -o - 5. Let h be (-21)/2 - 4/(-8). Let v be (-4)/h*(12 - -3). Calculate f(v).
-11
Let f(t) = t. Let r(c) = -4*c**2 - c - 4. Let v(p) = -5*p**2 - p - 5. Let q(n) = -4*r(n) + 3*v(n). Let m = 1 + -1. Let d be q(m). What is f(d)?
1
Let z(x) = 70*x**2 + 71*x**2 + x**3 - 149*x**2 + 4 + 7*x. Give z(7).
4
Suppose 7 - 3 = -c. Let m(r) be the first derivative of -2*r**3/3 - 5*r**2/2 + r - 1. Calculate m(c).
-11
Let i(o) be the first derivative of -o**4/4 + o**2/2 + o - 3. Let q(y) = -4*y**3 + 6*y**2 + 2*y + 5. Let b(g) = 3*i(g) - q(g). Give b(6).
4
Let p(v) = -4*v. Let b be p(-8). Suppose -4*w + 3*k = -5*w - 4, 4*w - b = 4*k. Let o(l) = -l**2 + 5*l + 3. What is o(w)?
3
Let i(u) = u**2 + u - 2. Let z(f) = 2*f**2 + 3*f - 2. Let l be z(-2). Give i(l).
-2
Let q(w) = w**2 - 3*w - 15. Let r be q(5). Let p(x) = 2*x. Let n(h) = -2*h - 1. Let d(o) = -5*n(o) - 4*p(o). What is d(r)?
-5
Let k(r) = 4*r - 3 + 7*r**2 + r**2 - r**2 - 2. Let t(n) = 4*n**2 + 2*n - 2. Let g(m) = -3*k(m) + 5*t(m). Give g(-4).
-3
Let a(c) be the first derivative of c**4/4 - 7*c**3/3 + 9*c**2/2 - 9*c - 1. What is a(6)?
9
Let s be (1 + (-6)/4)*-6. Let d be 4/s*90/(-20). Let g(h) = -h - 1. What is g(d)?
5
Let o be ((-10)/(-5))/(3 - 2). Let c(a) = a**2 - 4*a + 3. Calculate c(o).
-1
Let j = 18 + -16. Let m(r) be the second derivative of 0 + 1/6*r**3 + j*r**2 + 2*r. Calculate m(-3).
1
Let b = 6 + -4. Let c(u) = -5*u + 1. Let f(h) = -4*h + 1. Let r(s) = -3*c(s) + 4*f(s). What is r(b)?
-1
Let f(q) = -q + 1. Let y be 2/1 - (-21 - -18). Calculate f(y).
-4
Let b(k) = 3 + 5*k + k**2 + 3*k - 1. Determine b(-8).
2
Let t(x) = 2*x**2 - 1 + 0 - 5*x - 2*x - x**2. Determine t(7).
-1
Let u(x) = -x**3 - 3*x**3 - x - 9*x**3. Calculate u(-1).
14
Let d(y) be the th